14).
-12
Evaluate -12 + (-28 + 11 - (11 + -7)).
-33
-10 - (-4 - 5 - -3)
-4
Calculate -8 - -6 - (11 + -1).
-12
What is 4 + 5 + (-18 - -4)?
-5
Calculate 25 - -1 - (328 + -298).
-4
What is 76 - 40 - 16 - (-5 - 0)?
25
Calculate 15 + -3 - (-116 + 101) - (4 - -1).
22
-37 + (30 - -10) - -8
11
Evaluate -2 + -5 + (14 - (-2 + -3)).
12
What is 3 - (-7 - (-10 + 3))?
3
What is -3 + 3 + 7 + -3 + -10?
-6
Evaluate 15 - (19 + (25 - 8)).
-21
Evaluate 28 + (3 - 19) - 18.
-6
-2 + 14 - (2 + 4) - 2
4
What is the value of 1 + -7 + -3 + (-25 - -33)?
-1
Calculate ((0 - 5) + 2 - -3) + -182 + 195.
13
What is the value of 7 + -2 + -5 + 4 - (-40 - -37)?
7
Calculate 6 - -1 - (-1 + -2).
10
Calculate -6 - (14 + -4 + -7).
-9
Evaluate -19 + 6 + 4 - (-1 + -4).
-4
Evaluate (41 - 37) + -2 + 0.
2
Evaluate 25 - (-37 - -58) - ((0 - -1) + 7).
-4
What is -5 + (18 - 31) - (3 + -3)?
-18
-15 + (-5 + 10 - -6) + 18
14
Evaluate -5 + (17 + (2 - 11) - 15).
-12
Calculate (-1 - -9) + (-9 + -22 - -16).
-7
Evaluate -9 + 1 - (48 - 68).
12
4 + (-13 - -7) + (-5 - (-5 + -10))
8
What is 5 + (-17 - -9 - -4) + -2?
-1
What is -17 + 1 + 6 + (51 - 54)?
-13
Calculate 2 + (7 - -6) + -14.
1
What is the value of 53 - ((34 - 0) + -22)?
41
(150 - 147) + (8 - (-3 + 9 + -3))
8
What is the value of -22 - (-28 - (28 + -35)) - (17 - 1)?
-17
25 + 5 - 35 - (1 + -1)
-5
-12 + 9 + 5 + -11
-9
Evaluate -7 + 10 + -5 + (3 - -1 - -6).
8
What is the value of 2 - (4 + -3) - 21?
-20
Calculate -45 + -15 + 65 - (-1 + 0 + -7).
13
What is 52 - 58 - 11 - (0 - 33)?
16
What is the value of (-26 - (-69 + 39)) + 1 + -6?
-1
Calculate -5 + -4 + 1 - (-17 + 5 - 25).
29
What is the value of 4 - -2 - (-5 + 7 + -7 - -10)?
1
What is 0 + -18 + (154 - 121)?
15
Evaluate (18 - -38) + -38 + -36.
-18
What is (-100 - -99) + -1 + -1?
-3
7 + (0 + 11 - 36)
-18
-14 + (14 - (-9 - 3)) + -13
-1
What is the value of 3 + 31 + -18 + -2 + -8?
6
Calculate 3 - ((-1 - 0) + 8 - (0 + -7)).
-11
Evaluate -114 + 133 - (10 - 2 - (1 - 0)).
12
Calculate 9 - (-14 - -18 - -17).
-12
Evaluate 13 - (-9 - (-13 + (-16 - 7))).
-14
Calculate 0 - -1 - (6 - (33 - 32)).
-4
What is the value of -2 - 0 - (-2 + (17 + -9 - 1))?
-7
What is -17 - ((1 - 1) + (23 + -26 - -7))?
-21
Evaluate -7 - 1 - 0 - (-13 - (-24 + 12)).
-7
Calculate (-2 - 2) + 2 + 0 - (-3 - 2).
3
What is -15 - (-9 - (-4 - (10 - 1)))?
-19
Calculate (15 - 0 - -3) + -6.
12
What is the value of (73 - 76 - (2 + 7)) + -5?
-17
What is the value of -1 + 8 - (-32 - (6 + -19 - -2))?
28
Calculate 15 + -9 + -7 + 5.
4
Calculate -11 + (-57 - -53) + 0 + -2 + 6.
-11
Evaluate (1 - -5) + 5 + -5.
6
What is (6 - -1) + -23 - (0 - (-21 + 13))?
-24
Evaluate 2 + (-17 - -2) - -3 - (-1400 - -1370).
20
(-4 - 9 - -18) + -2 + -24
-21
What is (-14 - (-12 - 3)) + 5 + (4 - 2)?
8
What is 6 + 0 + (12 + 1 - (-29 + 39))?
9
What is 10 + (4 - (11 + 4)) + 7?
6
-196 - -206 - (30 + -2)
-18
What is the value of (-1 - -1) + 2 + 330 + -330 - -6?
8
What is the value of (-1 - 0) + (-12 - -18) + -22?
-17
Evaluate (-58 - -59) + 12 + -13.
0
(-1 - 3) + (-11 - -16) - (2 - -7)
-8
What is (-2 - 6) + (365 - 371 - (0 - 0))?
-14
14 + 7 + -8 - 31
-18
-6 + -14 + (36 - 6 - 11)
-1
22 + -52 + 41 - 34
-23
Calculate 73 - 52 - (1 + -2 + 10).
12
Calculate (-1 - -25) + (6 - 18).
12
Calculate -10 + (-2 - 8 - (23 + -36)) + -24.
-31
Evaluate -2 + -3 + -3 - (51 - 66).
7
Evaluate 10 + (-2 - 2 - 9) + -1 + 5.
1
Calculate 5 + (98 - 90 - (0 - -21)).
-8
What is the value of -4 + -1 + 72 + -113 + 29 + 1?
-16
What is 26 - (9 - -2 - 15 - -14)?
16
What is 7 - -6 - -6 - 10?
9
Calculate (-59 - -71 - -7) + 11 + 0.
30
-4 + 0 + 5 + (7 - (38 + -22))
-8
What is (10 - 24 - -6 - (2 - 6)) + 10?
6
(2 - 2 - -18) + (-31 - -28)
15
What is the value of -6 + ((0 - 12) + 3 - -16)?
1
What is the value of -11 - (0 + -2 - -3 - (-5 + 4))?
-13
Calculate 15 + -13 + -32 + 7 + 12.
-11
-41 + 18 - -22 - 23
-24
-10 + -5 + (12 + -19 - -16)
-6
Evaluate -2 + (17 + 5 - 23).
-3
What is (-1 - -9 - 6) + 0 + 9?
11
What is 8 - (7 - (4 - 1) - 3) - 1?
6
What is the value of (-24 - -25) + -8 - 28?
-35
Calculate (16 + -1 - (5 + -17)) + 8.
35
Evaluate -32 - (31 + -30 + (-4 - 3)).
-26
Evaluate 0 + -7 + -8 - -11.
-4
What is the value of 15 - (11 + -9 + -3) - 22?
-6
(-10 - -6) + -27 + 9 - (4 - 5)
-21
What is the value of (4 - 21) + 81 + -72?
-8
Calculate (-13 - -2) + (9 - 19) + 22 + -15.
-14
What is (-7 - 0) + (139 - 132)?
0
Calculate -7 + 0 - ((3 - 2) + 1 + 5).
-14
What is the value of -11 - 6 - (-3 + -27)?
13
Evaluate 80 - 52 - (49 - -2).
-23
Evaluate (-13 - (-13 + (22 - 5))) + -1 + 0.
-18
4 + -8 - (9 + -13)
0
What is (-32 - 0) + (32 - 49 - (-21 + -1))?
-27
-22 + (-3 - -50) + -3
22
What is 2 + (3 - (7 - (12 - 3))) - -4?
11
What is the value of -4 + 10 + -2 + -11 - 3?
-10
What is 3 + 20 - 12 - 2?
9
2 + 5 + -2 + 8 - (11 - 10)
12
Evaluate -35 + 19 + 6 + 24.
14
What is 7 - (28 - (24 - 26))?
-23
(1 + 0 - -1) + -185 + 180 - 0
-3
Calculate -8 - (5 - ((5 - -1) + 6 + -7)).
-8
What is the value of -13 + (-2 - (-30 - 11))?
26
34 - (51 - (6 + 2))
-9
Evaluate (13 - -1) + -21 + (-1 - -3 - -17).
12
(-7 - (21 + (-11 - 3))) + 29
15
Calculate 12 + 4 + (-6 - 0) + -5.
5
Evaluate -194 + 186 + (-2 - 8).
-18
-3 + (1 - 0 - 1) + (7 - 1)
3
What is the value of (-6 - -5) + -6 - ((-1 - 0) + -9)?
3
What is (20 + 16 - 25) + (-1 - 2)?
8
What is -4 + -2 + -3 - (-6 + 9)?
-12
9 + 3 + -19 + 1
-6
Calculate -8 + -1 + -387 + 399 + 1 + 5.
9
(-6 - -17) + (-42 - -29)
-2
Calculate -1 + 6 + (-7 - -7) + 5.
10
Calculate 6 + 1 + (-719 - -703) + (0 - 7).
-16
What is the value of 19 - 0 - (-154 + 170)?
3
Calculate 4 - (20 + -23 + 21).
-14
Evaluate (0 - 7) + (17 - (9 + -1 - 15)).
17
What is the value of (-142 - -134) + 0 + 8?
0
What is 232 + -237 + 2 + -17?
-20
What is the value of 4 + (12 + -4 - (16 - 14))?
10
-7 + 1 - (-40 + 35)
-1
(26 - 0 - (1 + 1)) + (-235 - -230)
19
What is the value of 3 - ((45 - 68) + -3 + 4)?
25
Evaluate (-18 - -18) + (-3 + 1 - -6 - 9).
-5
What is -13 + (3 - (1 - -2)) + (111 - 111)?
-13
What is -10 - -12 - -6 - (-8 + 5 - -3)?
8
Evaluate (11 - 1) + 22 + 28 + -36.
24
What is ((-2 - -3) + (34 - 30) - 8) + 3?
0
Calculate -5 - (2 + -1 - -7 - (-16 + 51)).
22
What is -32 + 30 - (-20 + 4)?
14
What is the value of 27 + 11 + -20 + (-10 - -1)?
9
Calculate (-1 - 2) + 26 + 22 + -37.
8
9 + -8 - 5 - 6
-10
What is the value of (2 - -6) + 6 + -3 + 1?
12
Evaluate -18 - (20 + -42) - (-9 + 3 + 3).
7
-22 + (-9 - -16) + 26 + 15
26
Calculate (-3 - 2) + (-213 - -223).
5
What is the value of 111 + -108 + (4 - (-4 + (-1 - -3)))?
9
Evaluate -15 + 1 - (-137 + 135).
-12
What is the value of (5 + -4 - 0) + 4?
5
What is the value of -34 + 1 - (-54 - 0)?
21
Calculate 70 - ((44 - 21) + 18).
29
(-3 - -9 - 38) + 15 - -5
-12
-5 + 51 - 30 - 25
-9
Calculate (123 - 118) + (-1 + 12 - (-7 + 6)).
17
What is the value of -5 - (-22 + 15) - 2?
0
0 + 3 + (-12 - -6) + 5
2
Calculate 10 - (-9 + 9) - (1 - -1).
8
Evaluate -31 - (-25 + 6) - 9.
-21
Evaluate 0 + (-6 - -8) + 9 + -12.
-1
What is (3 + 9 + 2 + -9 - 4) + 5?
6
(3 - (-1 - 0)) + 13 + -13 + 3
7
(1 - (8 - 10)) + 1 + (-4 - -29)
29
Evaluate (1 + -7 - (87 - 81)) + (1 - -3).
-8
Evaluate -11 - (30 + -1 + -8).
-32
What is 5 + 1 + -15 + 15 - (-1 - 3)?
10
2 + 1 + 6 + -11
-2
Evaluate -50 - -44 - (6 + (4 - 6)).
-10
(-7 - 22 - -10) + -1
-20
What is -1 + 5 - (-8 - 24 - -46)?
-10
13 + -1 + -19 - -4
-3
-15 - (-21 + 38) - (-2 - (-1 + 5))
-26
Calculate (-28 + 89 - 18) + -5.
38
-13 + (-3 - (4 + (1 - 6) + -4))
-11
Calculate -28 - (-25 - -7) - -22.
12
What is (-75 - -72 - (10 + -3)) + -7?
-17
Calculate 45 + -22 + -14 + (-1 - 28).
-20
What is the value of (0 - -4) + (-21 + 15 - -8)?
6
Calculate 9 + 2 + 6 + -29.
-12
Evaluate 26 + (-13 - (2 - 14 - (20 - 26))).
19
-10 - (-8 + 7 + (2 - 11))
0
(3 - 1) + 2 + (-1 - (22 - 36))
17
What is (-69 - -49) + (-2 - 0 - 4) - 2?
-28
What is the value of 37 - (34 + (-29 - -40))?
-8
What is 15 + -10 + (2 - 0) - -2?
9
What is (-12 - -14) + (-1 - 1) + -5 + -5?
-10
-45 + 51 - (-2 + 1 + 4)
3
-21 + 26 + 2 + 12 + -8
11
Calculate 6 + -2 + 7 + -18 + 6.
-1
What is -14 + 6 + 0 + 22 - (0 + -8)?
22
Evaluate 0 + (-38 + 30 - (-1 - -3)).
-10
What is (7 - (10 + -9)) + (-1 - (0 + 2))?
3
-30 - ((27 - 39) + -5)
-13
Calculate -4 - (-8 - (0 + 7 + -1 - 7)).
3
What is the value of 1 + 3 - 13 - (10 + -8 + -3)?
-8
Evaluate -13 + 14 + 47 - 11 - 5.
32
0 + (0 - -16) + -16 + 13
